= q + 6. What is f(d)?
1
Suppose -5*n + 2 = -0*p + p, -2*p - 5*n = -4. Let j(u) = -65*u + 2 + 30*u + 3 + 34*u + u**p. Give j(0).
5
Suppose 1 = 5*b - 4*l - 0, -b = -4*l + 3. Let i(t) = t**2 - t - 3. Let j(a) = -15*a**2 + 6*a + 19. Let u(r) = 6*i(r) + j(r). Determine u(b).
-8
Let u(x) = -x**3 + x**2 - x + 16. Let t(f) = -f. Let o be t(0). Let h be u(o). Let m be (3/2)/((-6)/h). Let y(s) = -s - 3. Calculate y(m).
1
Let p = -34 - -36. Let t(b) = p - 3 + 2 + b**2. Suppose d - g = 2*g + 9, 3*g + 6 = 0. Determine t(d).
10
Let v = 56 - 49. Let b(p) = -5*p - 15*p + v*p. Give b(-1).
13
Let i(g) be the first derivative of -g**3/3 + g**2/2 + 12*g + 13. Let d(q) be the first derivative of i(q). Determine d(1).
-1
Let x(t) = -t**2 - 24*t + 9*t - 5 + 23*t. Suppose 25 = 5*f + 3*l - 8*l, -4*f - 4*l + 12 = 0. Calculate x(f).
11
Let l(k) be the third derivative of k**4/24 - k**3/2 - 5*k**2 + 12*k. Calculate l(0).
-3
Let b(n) be the third derivative of n**6/120 - n**5/3 + n**4/12 - 20*n**3/3 - 46*n**2. Let w be b(20). Let k(r) = r**3 + r + 3. Determine k(w).
3
Let s = -670 + 679. Let x(o) = 3*o - 33. What is x(s)?
-6
Let q(n) = -29*n - 30*n + 101*n - 15 - 26*n - 21*n. Calculate q(-6).
15
Let i = 151 + -147. Let w(a) = a**3 - 3*a**2 - 3*a - 1. What is w(i)?
3
Suppose 0 = -6*m + m. Let p(n) be the second derivative of n**5/60 + n**3 + 3*n**2/2 - 2*n. Let z(c) be the first derivative of p(c). Give z(m).
6
Suppose -5*g + 19 = -2*l + 4*l, 5 = 5*g - 5*l. Let u(q) be the third derivative of -q**6/120 + q**5/12 - q**4/6 + 2*q**3/3 + 349*q**2. What is u(g)?
10
Let s(h) = h**2 + 4*h - 1. Let w be s(-5). Suppose 3*j - w = 2. Let g be 4 + 0/j + -2. Let o(u) = -2*u**3 + 4*u**2 - 2*u - 1. Calculate o(g).
-5
Suppose 4*d = -3*i + 22, 0*d - 5*i - 45 = -5*d. Let s(f) = f**3 - 6*f**2 - 10*f + 14. Calculate s(d).
-7
Let w be 6/(-10) + -3 + 91/35. Let k(m) = 14*m**3 + m**2 + m. Give k(w).
-14
Let z(d) be the second derivative of -5*d**4/12 - d**3/6 + 186*d. Calculate z(2).
-22
Let s(z) = 47*z - 10. Let j(t) = 37*t - 10. Let d(w) = -5*j(w) + 4*s(w). Give d(-5).
-5
Suppose -40 = -8*o - 0*o. Suppose -c + 3*z = -21, -2*z + o*z - 12 = 0. Let y = c + -41. Let u(s) = s + 11. What is u(y)?
3
Let d be (-338)/(-13) - 10/(-2). Let s(o) = -15*o + d*o - 11*o - 7*o. Let f be (-2)/((-1)/5*-2). What is s(f)?
10
Let g(b) = 2*b**2 + 10*b - 2. Let q(y) = y**2 + 9*y - 3. Let c(h) = 2*g(h) - 3*q(h). Suppose 3*p + 5 = 3*k + 5*p, 5*k - 3*p = 21. Suppose 1 = j - k. Give c(j).
-7
Let y(w) be the third derivative of -w**5/60 + 5*w**4/24 - w**3 + 12*w**2. What is y(6)?
-12
Let u = -12 + 49. Let p = 54 - u. Let d = 12 - p. Let b(i) = i**2 + 5*i - 5. Calculate b(d).
-5
Let h(n) = -46 + 47 + 7*n**2 - 3. Determine h(2).
26
Let d be -2*((-3 - 0) + 1). Let i(u) = -6*u + 9*u - u**2 + d*u - 1. Give i(6).
5
Let k(x) = 5. Let d(f) = 3 + 0*f - 3*f + 2*f - 4. Let q(n) = d(n) + k(n). What is q(0)?
4
Suppose 2*a = -18 + 38. Let j(m) = -m**3 + 11*m**2 - 11*m + 3. Calculate j(a).
-7
Let i(y) = y**2 - 5*y + 4. Suppose 3*w + 3*f = 0, 6*f - 2*f = 2*w - 24. What is i(w)?
0
Suppose 0 = -3*j - 2 - 1. Let c be 488/(-16) - j/2. Let t be ((-72)/c)/((-4)/(-10)). Let l(q) = -q**3 + 5*q**2 + 6*q - 8. What is l(t)?
-8
Let k(t) = -t**3 - 20*t**2 - 34*t + 36. Let j be k(-18). Let v(f) be the second derivative of -f**4/12 + f**3/6 - f**2 + 4*f. Give v(j).
-2
Let z(w) = w**2 + 9 + 9 - 28 + 9. Determine z(-1).
0
Suppose 4*v + 28 = -4*f, 3 = 4*f + 23. Let n(c) = -c**3 - c**2 - 4. What is n(v)?
0
Let a be 0/((-5)/((-5)/(-2))). Suppose -2 = -4*y + 14. Let d(v) = -1 - 3*v**2 - 6 + v + y*v**2. Determine d(a).
-7
Let b be (-75)/(-40) + (0 - 4/(-32)). Let r(l) = -3*l. Give r(b).
-6
Let n = 767 + -769. Let t(m) = -15*m - 2. Determine t(n).
28
Let t(g) = 3*g + 2. Let f be t(-3). Let h(u) = -3*u**2 - 10*u - 6. Let d(z) = z**2 + z. Let w(v) = 2*d(v) + h(v). What is w(f)?
1
Let a = 6 - 6. Suppose -2*n + 4 = -a. Let k(m) = 2 + m**2 + 2*m**2 - 4*m - m**n - 4. Determine k(4).
14
Let a(m) = m**2 - 3*m - 5. Suppose 4*w - 2*k = -4, 0 = -2*w + 27*k - 24*k + 2. What is a(w)?
5
Let g = -18 - -26. Suppose -g = -39*a + 35*a. Let w(d) be the first derivative of -3*d**2/2 + 3*d - 2. What is w(a)?
-3
Let s = 0 - -3. Let v(b) = -3 - 4 + b**2 - 5*b**s + 7. Let g = -6 + 7. What is v(g)?
-4
Let l(d) = 4*d**2 - 13*d + 3. Let q(p) = -p**2 + p. Let x(j) = l(j) + 5*q(j). Let b be x(-8). Let a(w) = w + 0*w**3 - 3*w**2 + w**3 + 1 + w. Determine a(b).
7
Let q = 114 - 113. Let i(d) = -d. Calculate i(q).
-1
Let z = 263 + -259. Let l(h) be the third derivative of 0*h + 0 + z*h**2 - 1/8*h**4 + 1/2*h**3. Give l(3).
-6
Let g(o) = o**3 + o**2 - 2*o - 2. Let c(q) = -2*q + 4. Let b be c(0). Suppose 4*v - b = -0*v. Suppose 0 = -k - v - 1. Calculate g(k).
-2
Let h(o) = 7*o**3 + 19*o**2 + o - 11. Let j(f) = 3*f**3 + 9*f**2 - 5. Let l(q) = 4*h(q) - 9*j(q). Let z = 2 + 0. Let r = 1 + z. Determine l(r).
-5
Let y = -8 + 14. Let f(t) = -2*t**2 - 9*t + y*t**2 + 3 - 1 - 5*t**2. What is f(-7)?
16
Let f = 1 + 1. Let p(u) be the second derivative of -u**5/20 + u**4/12 - u**3/6 - 12*u**2 + 27*u. Let h(a) be the first derivative of p(a). Determine h(f).
-9
Let j(y) = -y**3 + 39*y**2 - y + 37. Let p be j(39). Let b(z) = 5*z**3 + 4*z**2 + 3*z + 1. Give b(p).
-29
Let n(p) be the second derivative of p**5/20 - p**4/4 + p**3/2 - p**2 + 15*p. Suppose 15*g + 4 = 17*g. Give n(g).
0
Let d(x) = -3*x**3 + x**2 + 3*x + 3. Let t(l) = 4*l**3 - 3*l. Let z(s) = 3*d(s) + 2*t(s). What is z(4)?
5
Suppose -11 = 5*t - 36. Let o(v) = -8*v - v**2 - v**2 - 535 + 3*v**2 + 541. What is o(t)?
-9
Let n(r) = -49341*r + 24669*r + 24671*r. Suppose 5*x + 5*a - 28 = -3, 22 = 4*x + 5*a. What is n(x)?
-3
Suppose y + 9 = -3*z, -3*z = -7*z - 8. Let v(n) be the second derivative of n**3/2 + 3*n. Give v(y).
-9
Let b(h) be the first derivative of -3*h**2 + 85. Suppose -5*f + 4*q + 25 = 0, -3*f + 0*q + 15 = -3*q. Suppose 0 = 5*n + 2*k + 8, n - f = 4*n + k. Give b(n).
12
Let q(p) = -3*p - 3. Suppose 4*h = -h + 145. Suppose 2 = 9*c + h. Give q(c).
6
Let r(q) = 3*q - 4 + 2*q + 2. Let y(n) = n**3 + 14*n**2 + 14 + 5 + 48*n - 26*n + 8*n**2. Let v be y(-21). Calculate r(v).
-12
Let v be (-3)/6*(13 + -23). Let b(g) be the second derivative of -g**4/12 + g**3/2 + 2*g**2 - 2*g. Give b(v).
-6
Let c(z) = z**3 + 4*z**2 + 4*z - 4. Let l(v) = -6*v - 46. Let d(p) = p**2 - 11*p + 23. Let a be d(6). Let y be l(a). Calculate c(y).
-20
Let r(d) = -5*d**2 - 12*d - 8. Let m(q) = -11*q**2 - 25*q - 16. Let n(u) = -6*m(u) + 13*r(u). Let b(z) = -2*z**2 - 9*z - 2. Let g be b(-3). Determine n(g).
-1
Let n(u) be the third derivative of u**4/24 + u**3/2 - u**2. Let b = -44 + 44. Suppose b = -5*d - 51 + 31. What is n(d)?
-1
Suppose -3*o - 2*h = -20, -3*o + 4*h - 17 = -49. Suppose b + o = d, 2*b - d = -6*d + 12. Let m(r) = -r**2 - 4*r - 4. Calculate m(b).
-4
Let r(j) = -751 + 7*j + 1500 - 753 - j**2. Give r(6).
2
Let t(l) = -3*l**3 + 22*l**2 - 5*l - 14. Let p(z) = 2*z**3 - 14*z**2 + 3*z + 8. Let m(d) = 8*p(d) + 5*t(d). What is m(0)?
-6
Let o(d) = 2*d + 6. Let s(m) = -3*m - 11. Let u(b) = 5*o(b) + 3*s(b). Let a(j) = -j**2 - 8*j + 37. Let k be a(3). Determine u(k).
1
Let f be (2 - 0) + -16 + 34. Let l = 24 - f. Suppose 4*t = -5*g + 40, l*t + 2*g = -2*g + 36. Let z(m) = m**3 - 4*m**2 - 5*m + 7. Determine z(t).
7
Let s(u) = u**3 - u**2 - u - 2. Let n = -774 - -774. Give s(n).
-2
Let i be (2 - 2 - -2) + 2. Let d(k) = i*k + 2*k**2 + 2*k + k**3 + 4*k**2. Let r = -960 + 956. What is d(r)?
8
Let s(k) = -23*k - 10. Let m(l) = -3*l + 1. Let j(v) = 4*m(v) - s(v). What is j(-6)?
-52
Let p(d) = d**2 + 3*d + d - 4 + 9. Suppose 27 - 23 = j. Suppose y = -4*n - 21, 3*n - 3*y + 8 = -j. What is p(n)?
10
Let l(t) = t**2 + 6*t + 12. Let p(x) = -1. Let w(q) = l(q) + 2*p(q). Let n be w(-4). Let o(i) = i**3 + i**2 - 2*i + 2. What is o(n)?
10
Let i(f) = -27*f**3 + 1. Let o(j) = j**3 + 5*j**2 - 5*j - 4. Let p be o(-4). Suppose -d + 33 = p. Give i(d).
-26
Let a = -70 + 72. Let i be (-1 - -3)*(-2 - a/4). Let n(h) = 2*h**2 + 5*h - 1. Calculate n(i).
24
Let j = 24 - 22. Let h(d) = d**j + 5*d**3 + 4 - 4*d**3 - d + 2*d**2 + 0. What is h(-4)?
-8
Let u(p) = -5*p - 14. Suppose -90 = 449*x - 434*x. Calculate u(x).
16
Let u(h) be the second derivative of -h**4/12 + 5*h**3/3 + 8*h**2 - 12*h + 2. Determine u(